(31 - 9) + -37).
18
-11 - (6 + 2 + 8 + (-25 - -9))
-11
-12 - (-13 - 10) - 6
5
What is the value of 7 - (-9 - (-22 + 1)) - (-10 + 2)?
3
What is -2 + (-6 - -30) + -28?
-6
Calculate -13 - (-7 - (-23 + 12) - 14).
-3
3 + ((16 - 8) + -6 - -9)
14
Evaluate -1 + 5 + (83 - 84) + 1 + 1.
5
What is the value of 3 + 0 + (-6 - (-3 - -5))?
-5
What is the value of -3 - -13 - (9 + 2 - 9 - -3)?
5
Calculate (-7 - -1) + (8 - 5) - (23 - 23).
-3
(-2 + -2 - 1) + -3 + -2
-10
What is (0 - (6 + -6)) + (1 - -5) - 5?
1
What is the value of (-10 - 4) + (4 - 2 - -4) - -24?
16
What is (9 + 16 - -3 - 14) + 2?
16
What is the value of -5 - (-9 - (11 + -23)) - 1 - -3?
-6
Calculate -18 - (2 + (5 - 36)).
11
What is -1 + (-10 - 0) - (11 - (-36 + 48))?
-10
Evaluate 3 - 0 - (3 - (3 - 17)).
-14
What is (-141 - -118 - (-2 + -24)) + (-4 - 0)?
-1
Calculate 25 - 2 - 32 - (-2 - (-14 + 4)).
-17
What is the value of 7 - (6 + (-3 - 8 - 0))?
12
Evaluate 8 - 1 - (-292 - -288).
11
What is the value of -14 - (12 - (-10 + (43 - 4)))?
3
5 - 82 - -37 - -5
-35
0 - (-9 - (-6 + 27 + -10 - -2))
22
Calculate 36 - (-13 - (-43 + 9)).
15
Calculate 6 + (-3 - 1) + 9 - (46 + -17).
-18
What is the value of -4 - 9 - ((-25 - -11) + 3)?
-2
What is the value of 1 - (-8 - 1 - -12) - (8 - 1)?
-9
Evaluate (13 + -53 - -38) + (0 - 1) + -8.
-11
What is (-103 - -48 - -42) + (1 - 4 - 0)?
-16
33 - 42 - (-1 - 6)
-2
Calculate (-31 - (-36 + -1)) + (-2 - (2 - -1)).
1
Calculate (-1 - 1) + (38 - 26).
10
Calculate (12 - 7) + 9 + -6.
8
What is the value of 20 - 14 - 24 - 13?
-31
What is -3 + 17 + -34 + 28?
8
7 + 9 + -2 - (-2 + 2)
14
Evaluate 20 - 4 - (-7 + (2 - 3)).
24
What is the value of (0 + -5 - -4) + 3 + -1?
1
What is 2 + -10 + 14 - (8 + -6 + 29)?
-25
Evaluate -7 - (-43 - -32) - -32.
36
Evaluate 7 - (0 + (2 - 2) + 7).
0
Calculate 1 - (-4 - 0) - (-1 + 2 + 9).
-5
What is the value of -12 + (4 - 11) - -14?
-5
What is the value of 0 + 2 + -10 + 0 + -34 + 26?
-16
Calculate -37 + 30 + -18 + 18.
-7
What is the value of 5 + -8 - (-6 - (7 - -5 - 7))?
8
Calculate (28 - 24 - -2) + -11.
-5
What is 46 + -39 + -14 + -2?
-9
(6 - 10) + 4 + 6 + 3 + -3
6
What is (52 + -22 - 46) + -6?
-22
What is -6 - (4 + (-14 - -3) + 3)?
-2
Calculate -24 - ((-2 - -25) + (-134 - -119)).
-32
Evaluate (21 - 63) + 60 - (0 + 9).
9
Evaluate 2 + (-19 - -22) + -12 + (0 - 2).
-9
Evaluate -24 - -6 - (-10 - -3).
-11
18 - 15 - (-9 - -7)
5
What is the value of -8 - ((-10 - -5) + -7 + 2 + 14)?
-12
What is 6 - (4 + 1 + (-13 - -11))?
3
Evaluate -31 + -8 + 25 + -10.
-24
Evaluate -15 - (7 + 8 + -45).
15
Evaluate 9 - (4 + (-11 - (-10 - -1))).
7
Calculate -26 + (-11 - (-6 + -23)).
-8
-11 + -1 + 8 + 5
1
What is the value of -697 - -700 - (-22 - (-2 + 0))?
23
What is -29 - -12 - (2 - 13 - (7 - 26))?
-25
What is 44 + -39 - (-2 - (0 - -2))?
9
What is the value of -6 - (1 + 1) - (-5 + -9 + 24)?
-18
Calculate -2 - -3 - (-2 - (2 - 9)) - -9.
5
Evaluate -9 - ((4 + -6 - (3 + 0)) + -1).
-3
(-7 - 6) + -36 + 35
-14
Calculate -3 + (0 - (-6 - 0)) + -5 + -4.
-6
-24 - (21 + -85 + 21)
19
What is 2 - (-3 + 15 - 18) - -22?
30
What is 28 + (16 - (-6 - -36)) - 47?
-33
What is the value of 1 + -29 - (-630 - -612 - (1 + -13))?
-22
Evaluate -12 + -3 + (0 - (-2 + 2)).
-15
11 + -9 + (1 - -6) + -8
1
What is the value of -45 + 47 + (1 - (-3 + -2 - -4))?
4
-15 + (8 - -6 - 4) - (8 - -4)
-17
Calculate 9 + -11 + -2 + 5 - 8.
-7
Evaluate (348 - 327) + -8 + 1.
14
What is (28 + -10 - 14) + 2?
6
What is 26 + -5 + -21 - (-4 - 1)?
5
What is the value of (-37 - -36) + 1 + 4?
4
Evaluate 6 - (-2 - 4) - (6 + 6).
0
Evaluate -5 - ((-32 - -13) + -3).
17
Calculate 23 + -21 + (2 + (-12 - -1) - 4).
-11
What is -7 - (7 + -10 - -15)?
-19
Evaluate (19 - 2 - 21) + (7 - 0).
3
-16 + (-19 - -30 - (-18 + 4))
9
Evaluate 4 - (2 + 1) - (-4 - 0).
5
Calculate 1 + (-6 - -1) + -3 + 11 + -8.
-4
What is -990 - -1022 - (1 - 0)?
31
What is -7 + (-58 + 48 - (0 + -13))?
-4
Evaluate 5 - -14 - (9 + (0 - 5) + 2).
13
Calculate 13 - (2 + -9 + 3).
17
What is (6 - (9 + 7 + -12)) + 4 + 10?
16
23 - (-34 - (12 - 64))
5
-52 - (15 - 34) - -10
-23
Calculate -4 - ((0 - -1) + 14 - (120 - 128)).
-27
What is the value of (10 - (1 + -3 - -9)) + -4 - -24?
23
12 + 0 - ((13 - -13) + -38)
24
Calculate -18 - (6 - (-18 - -12 - -16)).
-14
What is the value of (0 - -11) + -13 + 10?
8
What is the value of -113 + 82 + (0 - -1) - (-7 - 2)?
-21
Evaluate -3 + 1 - (-4 - (17 - (33 + 1))).
-15
What is -6 + -7 + (0 - (-1 + -5))?
-7
2 + -31 + 11 + (-28 - -38)
-8
What is 6 - 1 - (0 + 4 + 28 + -46)?
19
10 + 15 + -13 + 0 + 2 + -3
11
Evaluate 10 - 13 - (-1 + 2 + -3).
-1
-53 - -40 - -36 - 40
-17
What is the value of (0 - (-15 - ((3 - 5) + -5))) + -1?
7
What is 16 + (1 - -4 - 0) - (-1 + 9)?
13
Calculate -47 + -26 + 89 + -33.
-17
Calculate 6 - (-8 + (49 - 21)).
-14
Calculate -3 - -19 - (1 + 9) - 2.
4
(5 - (2 - 0)) + (329 - 302)
30
What is the value of 1 - -4 - (21 - (13 + -8))?
-11
9 - ((9 - -4) + -62 + 56)
2
What is the value of 66 + (-41 - -25) + -29?
21
Calculate (21 - (-1 - -2)) + (34 - -14) + -53.
15
What is the value of 7 - ((1 - 6) + 11 - 11 - -1)?
11
What is the value of 4 + (19 - 31 - -12)?
4
What is -2 + 7 - (-7 + 16)?
-4
What is (2 - 16 - -7) + (-7 - -4 - 10)?
-20
Calculate 2 + 3 + (-14 + (5 - 3) - -3).
-4
What is -5 - (2 + 1 + -6 + (13 - 27))?
12
Evaluate -12 + 30 + (9 - (3 - -11)).
13
-1 + -16 + (-3 - -2) + 8 + 0
-10
Calculate 0 + -1 - (9 + (24 - 32 - 8)).
6
Calculate (52 + -54 - (-21 + -2)) + -3.
18
Evaluate 236 - 243 - (2 - -1) - (-1 - 23).
14
What is the value of 9 + -2 + 3 + -73 + 71?
8
What is the value of -1 + (-6 - (-1 - 14)) + -14?
-6
What is the value of (-10 - -5) + (-8 - 1) + 4?
-10
What is 15 - ((1 - 1) + (47 - 40))?
8
10 + (28 - 59) - -21
0
What is the value of -13 - (-23 + 27 + 5 + -22)?
0
Evaluate (-3 - -30) + (-20 - -26) + -17.
16
Evaluate (3 - (1 + 4 + -4)) + 19 + -15.
6
4 + (-5 - -10 - 3) - 12 - -4
-2
-451 - -415 - (-14 + 0)
-22
Evaluate (1 + 9 - (-68 - -60)) + -11.
7
What is (-6 - 1 - (-2 + 4)) + 5 + 4?
0
Evaluate -10 + (-14 + 13 - (3 - (-5 - -36))).
17
Calculate -30 - (-12 - -16 - 20).
-14
Evaluate -26 - (24 + -27 - 30).
7
What is the value of 28 - (-11 - (-13 - 16))?
10
What is the value of 13 + (-25 - -10) + -2?
-4
Calculate 7 - (-16 + 3 + -18 + 25).
13
Evaluate 0 + -25 - (-936 + 905).
6
-34 - (-55 - (-5 + -3))
13
10 + 11 + -11 + -1 + 0
9
What is the value of (-18 + 14 - -6) + -1 + -6?
-5
Evaluate (11 - 34) + -37 - -32.
-28
(-14 + -2 - -3) + 34 + -25
-4
-10 - (10 - 20) - -17
17
What is the value of (3 - (-8 + 3 - 0)) + -9?
-1
What is the value of -38 + 22 - (-1 + -8) - 12?
-19
What is (58 - -46 - 111) + -6 + (1 - 1)?
-13
Calculate 77 + -74 - (-1 - -10).
-6
What is (6 - -2) + -24 - -16?
0
(-12 - (-20 + -4)) + -1
11
What is -2 + -7 - (-25 + 1) - (4 + 3)?
8
Evaluate 5 + (15 - 24) + -7 + -1.
-12
Calculate (0 - (4 - -25)) + 1.
-28
87 + -81 - (-6 + 7 + 6)
-1
Evaluate (9 - (-14 - -13)) + (1 - -4).
15
Evaluate 9 + (-2 - -3) + (3 - 4) - 5.
4
Evaluate (-11 + 12 - 0) + -5.
-4
What is 19 - (15 + -22 - -8)?
18
Evaluate -5 - -1 - (-37 + 33) - (0 + 11).
-11
What is the value of 11 + 4 + -8 - -11 - (-11 - -4)?
25
1 - -6 - 3 - (13 + 11 + -14)
-6
What is the value of -3 + (-3 - -6) + (2 - -6) + -7?
1
3 - (5 + (-9 - (-7 - 0)))
0
Evaluate (3 - (-8 - -4)) + -26 + -9 - -5.
-23
Evaluate 15 + -12 + -30 + 25.
-2
-4 + 5 + -6 + 59 + -49
5
2 - -2 - (37 + -19 + 11 - 13)
-12
What is -88 - -81 - (3 + -1)?
-9
What is the value of (-461 - -439) + 17 + 0?
-5
What is (-7 - -14) + -8 - (11 + -20)?
8
5 - 18 - -3 - ((-2 - -1) + 0)
-9
What is the value of 20 - 15 - ((-1 - 4 - -3) + 2)?
5
(7 - (0 - 1)) + (-52 - -27)
-17
What is 25 + -8 + (-4 - 31)?
-18
Evaluate -9 + (-4 - (6 + -5)) + -3.
-17
What is the value of 22 + -21 - (-7 + -2 + 1) - 3?
6
Calculate -955 + 931 + -1 + 40.
15
What is (-69 - -128 - 83) + (-4 - 1)?
-29
-17 + (-4 - -11) + 4
-6
What is the value of -21 - (8 + (-2 - 0) + -16 + 5)?
-16
Calculate (20 - 2) + (-50 - -51).
19
Calculate -152 + 137 - (-8 - 2).
-5
-45 - (-72 - (-42 + 30))
15
Calculate 5 - (-17 + 1 - (-17 + -14 + 37)).
27
16 + -7 + -12 + -6
-9
What is (-12 - -9 - 11) + (-22 - -30)?
-6
What is the value of 17 - ((9 - -4) + -9 + 1)?
12
Evaluate -9 - (-1 - 2) - (19 - 31 - -3).
3
Calculate 26 - 12 - (-1 - 6 - -4).
17
5 - (2 - (-5 + 17) - 2) - 6
11
What is the value of (-55 